2)/18 + (6360/9)/4?
1
Suppose 3*n + 54 = 2*m, -111 = -4*m + m - 3*n. What is the tens digit of m?
3
Let f(i) = i**3 + 7*i**2 + 5*i + 3. Suppose -j = 3*j - 16. Let h(k) = k**3 - 3*k**2 - 5*k - 2. Let p be h(j). What is the units digit of f(p)?
9
Suppose 0 = -4*o - 0*o + 40. What is the units digit of o?
0
Suppose 0 = w + 3*p - 11, -2*w + 3*w - 19 = p. Suppose -25 - 19 = 4*d. Let n = w + d. What is the units digit of n?
6
Suppose 32 = 2*z - 30. Suppose -u + 2 = 0, -4*l + 47 = -u - z. What is the units digit of l?
0
Suppose -435 = -2*d - 3*b, 0 = 7*b - 3*b - 12. What is the hundreds digit of d?
2
Suppose -f = -m - 1 - 2, 4*f - 3*m - 9 = 0. Let s = f - -1. What is the units digit of s?
1
Let y(k) = k**2 + 5*k + 2. Let b be y(-5). Suppose p + 15 = -b*p. Let o = p - -8. What is the units digit of o?
3
Suppose -9 = -4*m + 7. Suppose -6*h - j + 25 = -4*h, 0 = -m*h - 4*j + 48. What is the tens digit of h?
1
Suppose -4*l - 53 = 27. Let a = l - -63. Suppose -k - 15 = 5*i - a, 0 = -5*i + 20. What is the units digit of k?
8
Let s(p) = 2*p**2 + 3*p - 2. Let c be s(3). Suppose n = -1 + c. What is the units digit of n?
4
Suppose -2*h - 40 = -6*h. Let w = h - 6. What is the units digit of w?
4
Suppose -5 + 0 = -w. Suppose 0 = -w*h + h - 24. What is the units digit of (-2)/(-4) - 9/h?
2
Suppose 5*z - 32 = 4*d, 0 = 2*z - 4*z - 5*d - 7. Let x(u) = 2*u. Let c be x(1). Suppose c*f - z*f = -20. What is the tens digit of f?
1
Suppose 5*f = 15, v + 4*f = 5*f + 37. Let u(w) = 3*w**2 + 3*w. Let l be u(-2). Suppose -l*g = -g - v. What is the units digit of g?
8
Let m(w) = 9*w + 2. What is the units digit of m(11)?
1
Let j(m) = -11*m + 1. Let p(d) = 1. Let o(y) = j(y) - 2*p(y). What is the tens digit of o(-1)?
1
Suppose 3*l + 2*c = 8*l - 22, 2*l = 4*c - 4. What is the units digit of l/(-3) + (-5 - -11)?
4
Let w = 47 + -31. What is the tens digit of w?
1
Let n(m) = 2*m**2 + 2. What is the units digit of n(-4)?
4
Let l(n) = n**2 - 2*n + 2. Let d = 8 + -14. Let v be (-39)/(-15) + d/10. What is the units digit of l(v)?
2
Let s = 158 - 54. What is the units digit of s?
4
Let u(b) = -2*b + 7. Let i be u(5). What is the tens digit of -1 - (-22 - (4 + i))?
2
Let i = 26 - -15. What is the units digit of i?
1
Let r be 20/(-2)*(-1)/(-1). Let j = 19 + -4. What is the units digit of (-2)/r + 72/j?
5
Suppose 3*d = -g + 7, -5*d + 7 = 5*g + 2. Suppose 0 = d*a + a - 20. What is the units digit of (-2 - 3)*(-4)/a?
4
Let q = -4 - -6. Suppose q*r - 5*r + 12 = 0. Suppose -r*o - 2*n = 3*n - 16, -2*n = -4*o + 44. What is the units digit of o?
9
Let s(p) = -335*p**3 + p**2 - 2*p - 2. What is the tens digit of s(-1)?
3
Let k = -9 + 17. Suppose k = y - 2*b - 20, -3*b = -y + 23. What is the tens digit of y?
3
Let i be 2/5 - (-148)/5. Suppose g + 8 - i = 0. What is the units digit of g?
2
Suppose 3*l + 7 = -3*j + 1, 0 = -4*j - 2*l. What is the units digit of j?
2
Let k(o) = -o**2 - 5*o - 3. Let s be k(-3). What is the units digit of 2 + 1 - (s + -21)?
1
Let m = -6 + 7. Suppose 0 - m = -r. What is the units digit of r?
1
Suppose -16 = 5*m - 1. What is the tens digit of 23 - 0 - (m - -1)?
2
Let r(h) = h**2 - 6*h - 2. Suppose 4*d - 49 + 17 = 0. Let b be r(d). Let m = b + -1. What is the tens digit of m?
1
Let c(y) = -2*y + 4 + 8*y + y**2 - 2*y. What is the units digit of c(-3)?
1
Suppose g = -4*i + 32, 0 = -2*g + 5*i - 4*i + 46. What is the units digit of g?
4
Let s(y) = y + 7. Suppose -20 = -3*g + g. What is the tens digit of s(g)?
1
Let n = -25 + 85. What is the tens digit of (8/20)/(2/n)?
1
Let w(t) = 2*t**2 + 5*t + 10. What is the hundreds digit of w(6)?
1
Let i(q) = -3*q**3 + 2*q + 3. What is the tens digit of i(-2)?
2
Suppose 0 = -2*f + 5*r + 84, 2*f = -3*r - r + 48. Suppose -3*m + 2*z = 2*m + 73, 2*m = -2*z - f. What is the units digit of ((-20)/m)/((-4)/(-30))?
0
Let r(l) = l**3 + 9*l**2 + 6*l - 3. Let v(g) = g**2 + 5*g - 4. Let b be v(-4). What is the units digit of r(b)?
3
Let r be 2/8 + (-94)/(-8). Suppose -3*q - r = -4*w + 2*q, 0 = -5*w + 4*q + 15. Suppose -4*b - 4 = -4*i, -w*i + 12 = 5*b - 15. What is the units digit of i?
4
Let c = -2 + 2. Suppose c*o - o = -10. Suppose -5*b - 5*a + 5 = 0, 9 = -b - 5*a - o. What is the units digit of b?
6
Let n be (2 - (-24)/(-10))*-110. Let s be (-1 + 0 - -1) + n. What is the units digit of 2/(-6) - s/(-6)?
7
Let j(d) = -d**3 - d**2 - d + 17. What is the tens digit of j(0)?
1
Let c(m) = m**3 - 7*m**2 + m - 10. Let w be c(7). Let t(x) = x**3 + 5*x**2 + 4*x. What is the units digit of t(w)?
6
Let j be (-3)/(-1)*(-26)/(-3). Suppose k + 4*n = -1, -k + 0*k + 5*n = -j. What is the tens digit of k?
1
Suppose -6*n + 2*n = 4*y - 64, 3*y + 4*n = 51. What is the units digit of y?
3
Suppose 0 = 4*b - 3*b - 42. Let g = 78 - b. What is the units digit of g?
6
Let t(f) = -4*f + 14. What is the tens digit of t(-7)?
4
Let i(p) = -2*p + 1. Let m be i(-2). Let h = 32 - m. What is the tens digit of h?
2
Let c(z) = z - 12. Let l be c(5). What is the units digit of 89/7 - 2/l?
3
Let d be 5 + 5/(10/(-4)). What is the units digit of (d + 1)/(1/2)?
8
Suppose 4*t - 15 = -5*l + 2*t, t = -4*l + 9. Let r(u) = -l - 3*u + 0*u + 6*u. What is the units digit of r(1)?
2
Let o = 15 - 12. Suppose 0 = o*d + 2*n - 50, 2*d + n = -n + 30. What is the tens digit of d?
2
Let y = 0 + 4. Suppose y*x + x - 15 = 0. What is the units digit of x/(-12) - (-51)/12?
4
Let q = -6 + 11. Let i be q/2*8/5. Suppose t = -5, 5*l - 80 = -0*l + i*t. What is the tens digit of l?
1
Suppose -5*a = 3*z - 151, -5*a + 58 = 2*z - 91. Suppose -5*q + 1 - 2 = -2*d, 2*q + a = 3*d. What is the tens digit of d?
1
Suppose w + 3*w = 12. What is the units digit of w?
3
Let s(m) = -4*m + 5. Let d be s(-5). What is the units digit of (-10)/d + 164/10?
6
Suppose 3*p + 16 = -p, -3*p = -y + 55. Let h = y - -13. What is the tens digit of h?
5
Let m = -41 - -58. What is the tens digit of m?
1
Let p(a) = -13*a + 2. What is the tens digit of p(-2)?
2
Let o = 147 + -105. What is the tens digit of o?
4
Suppose 1 = -w + 7. Suppose -7*q = -w*q - 8. What is the units digit of q?
8
Let o(z) = 4*z**3 - 3*z**2 + z - 2. Suppose 0 = g + t - 3*t - 6, -6 = 3*t. What is the units digit of o(g)?
0
Suppose 3*s + 13 = 5*y, -s - 1 = 2*y - 4. Let m = 1 - s. Suppose -m*u - u = -4*r - 32, -5*u = 2*r - 10. What is the units digit of u?
4
Suppose -557 = -5*i - 3*t, -4*t - 228 = -3*i + i. What is the tens digit of i?
1
Let z(p) = p**3 + 2*p**2 - 4*p + 1. Let x be z(-3). Let q be (-1*x)/(-1 + 0). Let y(k) = -k**2 + 6*k - 5. What is the units digit of y(q)?
3
Suppose 0 = -s + 24 - 9. What is the tens digit of s?
1
Suppose 4*o - 4 = 28. Let h = o - 7. What is the units digit of h?
1
Suppose 4*c + 6 = -5*i - 31, 0 = -2*i - 3*c - 19. Let x = 39 + i. Let z = 49 - x. What is the tens digit of z?
1
Let p(j) = -j**3 + j**2 + 12. Suppose r + 2 = -t - 0*r, 0 = 4*t - 2*r - 4. What is the units digit of p(t)?
2
Suppose 4*t = 5*d + 16, 0 + 4 = t + 5*d. Suppose x = t*x - 21. Suppose 4*k - x = 1. What is the units digit of k?
2
Let k(l) = l**3 + 7*l**2. Let i be k(-7). Suppose 6 = -i*t + 3*t. What is the units digit of (-4)/6*(-5 + t)?
2
Let d be 5/((-5)/2) + -14. What is the tens digit of (-1)/(-2) + (-312)/d?
2
Let h be (22 - 2) + 2 + 2. Let t = 24 - 35. Let m = h + t. What is the tens digit of m?
1
Suppose -15*g + 6*g + 216 = 0. What is the units digit of g?
4
Let m(h) = 3*h - 6. Let o be m(8). Let u = o - 9. What is the units digit of u?
9
Let s = 7 + -5. Suppose -u - 14 = 2*v, -2*v - s*v + 4*u = 4. What is the units digit of (-4)/(v/(15/6))?
2
Let t be (-2)/(-1) + (-18)/6. Suppose -68 = -3*m - m. Let h = t + m. What is the units digit of h?
6
Suppose -25 - 49 = -w. What is the units digit of w?
4
Let u = 12 + -8. Let w(i) = -i + 8. Let r be w(6). Suppose -10 = -u*m - r. What is the units digit of m?
2
Suppose -5*p = -240 - 615. What is the tens digit of p?
7
What is the units digit of 0 - -2*(-68)/(-8)?
7
Suppose 2*a - 3*u = 99, -3*u + 252 = 5*a - 6*u. Let t = a + -30. Let q = -8 + t. What is the tens digit of q?
1
Suppose i - 4 = -0. Suppose 2*x + 37 = 3*u, 6*u - i*x - 29 = 3*u. What is the tens digit of u?
1
Suppose 895 = 3*a + 2*a. What is the tens digit of a?
7
Let g(p) = -p**3 + 7*p**2 - 4*p + 5. Let u be g(6). Let n = u - 6. What is the tens digit of n?
1
Let 